What is 112102221112102 (base 3) in base 9?
15387472
Convert -1e1287 (base 16) to base 2.
-111100001001010000111
-52335 (base 16) to base 2
-1010010001100110101
-2551514 (base 6) to base 15
-2b31d
Convert -384b362 (base 13) to base 15.
-1826bb4
45c0 (base 13) to base 15
2d79
What is 121678 (base 9) in base 4?
101323301
What is -9e971 (base 15) in base 11?
-315467
2442415 (base 6) to base 13
47345
Convert 7121052 (base 10) to base 9.
14353220
Convert 122161 (base 8) to base 13.
16213
-26535 (base 13) to base 7
-414363
What is 12122140 (base 5) in base 7?
653331
Convert -2c4926 (base 13) to base 2.
-100001011011111101011
Convert -220985 (base 11) to base 13.
-c4626
What is 12104253 (base 6) in base 11?
240aa7
100014301 (base 5) to base 6
12222002
What is -4934108 (base 11) in base 6?
-504001423
What is -111101100011110011000110 (base 2) in base 15?
-163b6c9
27121567 (base 8) to base 13
1347503
Convert 48624 (base 13) to base 16.
20700
What is -6a38a (base 14) in base 5?
-31234041
-2633756 (base 8) to base 12
-2b557a
31313123 (base 6) to base 11
573048
-101001111101110001 (base 2) to base 9
-281707
Convert 75911a (base 12) to base 10.
1861222
Convert aa19db (base 14) to base 8.
25777675
-102120011002101 (base 3) to base 9
-12504071
Convert 56021 (base 11) to base 6.
1423554
What is -13652352 (base 7) in base 13?
-362349
What is -494ba (base 15) in base 10?
-233950
-2311220010 (base 4) to base 10
-743940
Convert 1122001100021 (base 3) to base 10.
867031
12705744 (base 8) to base 5
1212310420
Convert 122022414 (base 5) to base 15.
b6b8e
What is 3130131332 (base 4) in base 9?
1625655
What is -2112335 (base 6) in base 14?
-29735
11110110001101011100 (base 2) to base 10
1008476
-1500026 (base 11) to base 15
-35d799
What is -939b91 (base 12) in base 5?
-1043201231
-17058a2 (base 11) to base 5
-1221003103
-2d27d (base 16) to base 11
-116a63
304212 (base 6) to base 11
17266
207033 (base 9) to base 11
84649
Convert 2453818 (base 9) to base 10.
1334735
What is 3b36c3 (base 13) in base 16?
15e8a6
What is 10212011200200 (base 3) in base 6?
111540500
Convert 10000011100111011100 (base 2) to base 13.
15b4c3
Convert -15365 (base 12) to base 10.
-29885
-2742872 (base 12) to base 16
-770a56
What is -3302043 (base 6) in base 13?
-596c7
22413547 (base 8) to base 16
4a1767
What is -320130301203 (base 4) in base 8?
-70346143
What is 597159 (base 10) in base 11?
378722
What is 16186 (base 16) in base 6?
1534554
240430004 (base 5) to base 8
4164241
What is 6582024 (base 11) in base 10?
11554437
-12c613 (base 15) to base 7
-10446114
43125145 (base 6) to base 15
1a19d5
Convert -231133 (base 4) to base 2.
-101101011111
113c46 (base 13) to base 6
12431203
What is 71e29 (base 15) in base 14?
95775
What is -10124322321 (base 5) in base 16?
-9e7a29
23110043 (base 5) to base 15
41483
Convert -a54c5 (base 15) to base 3.
-222122002012
-41614161 (base 7) to base 14
-677768
-2654350 (base 7) to base 6
-11254551
Convert 3c013 (base 14) to base 13.
525b6
What is -1b6a87 (base 13) in base 10?
-700447
Convert b1506d (base 15) to base 8.
40076570
252570 (base 11) to base 12
17284b
What is 8abc7 (base 13) in base 2?
111101101001000000
What is -2a11703 (base 11) in base 13?
-10c0553
What is 14460663 (base 9) in base 5?
3314403323
Convert 161626123 (base 7) to base 4.
221230310110
Convert -4cc3b (base 14) to base 7.
-1415004
-21104200 (base 5) to base 4
-222312332
Convert -166fc (base 16) to base 11.
-63056
What is -13a5358 (base 11) in base 6?
-123341033
What is -2305050 (base 6) in base 15?
-24d50
Convert -163160 (base 10) to base 8.
-476530
-3543201 (base 7) to base 13
-128a27
What is -3210471 (base 8) in base 3?
-1121111201200
-24a950a (base 13) to base 16
-aea324
What is 1147378 (base 11) in base 12?
805b51
-21400134 (base 7) to base 10
-1832037
ab70 (base 16) to base 11
2aa79
What is 223320100 (base 6) in base 8?
17452444
101201223220 (base 4) to base 6
242250224
Convert 163664110 (base 7) to base 10.
11175682
What is -32743774 (base 8) in base 14?
-d1c272
Convert -10023322203 (base 4) to base 15.
-16a239
What is -31ed5 (base 16) in base 14?
-54753
Convert 588354 (base 10) to base 15.
b94d9
-316225 (base 15) to base 13
-643538
147266 (base 8) to base 4
30322312
-2443301020 (base 5) to base 6
-325042031
What is -5404512 (base 6) in base 16?
-40cdc
Convert -3038e (base 15) to base 9.
-252388
441295 (base 12) to base 15
1651bb
Convert 6244456 (base 7) to base 14.
15782d
-3169866 (base 10) to base 13
-86ca7b
What is 371e4 (base 16) in base 4?
313013210
Convert 4ade0 (base 15) to base 3.
110011101010
1110100001111111101101 (base 2) to base 16
3a1fed
What is -132021021312 (base 4) in base 15?
-a61429
-78fbb (base 16) to base 11
-309348
Convert -30211121011 (base 4) to base 10.
-3298885
3957727 (base 12) to base 13
2461b34
34205 (base 7) to base 5
234203
What is ba16d (base 16) in base 10?
762221
-1232101 (base 5) to base 11
-17062
Convert -177f11 (base 16) to base 3.
-2220020021202
-6116757 (base 8) to base 4
-12021313233
Convert 9d19 (base 14) to base 15.
812c
Convert -233303233330 (base 4) to base 16.
-bf3bfc
210002200 (base 3) to base 14
5869
What is -2686529 (base 10) in base 2?
-1010001111111001000001
-10012442 (base 5) to base 9
-130473
What is 110001001000010101111 (base 2) in base 9?
3023331
What is -9900b0 (base 12) in base 14?
-4722b2
1a5440 (base 11) to base 6
10424404
What is -101001000010010000101 (base 2) in base 12?
-54a199
a720 (base 16) to base 5
2332114
111121121 (base 4) to base 13
30b78
Convert 324118 (base 10) to base 8.
1171026
Convert 786322 (base 9) to base 6.
14030032
-33150411 (base 7) to base 10
-2852592
-112122001012 (base 3) to base 15
-5a4e2
What is -129173 (base 10) in base 6?
-2434005
What is 234860 (base 12) in base 8?
2125310
What is 11555a0 (base 11) in base 3?
10210021120111
Convert -137437 (base 11) to base 3.
-101220200010
1f07a4 (base 16) to base 11
1169942
Convert -70755461 (base 8) to base 14.
-1da9d97
Convert 21232 (base 5) to base 6.
10402
Convert -165544 (base 8) to base 7.
-340454
Convert 30a5c (base 13) to base 7.
512646
What is 31443313 (base 5) in base 14?
6ca54
What is 24004114 (base 5) in base 4?
311202110
Convert 22561214 (base 7) to base 5.
1001400102
Convert 69b346 (base 13) to base 11.
14644aa
What is -34005 (base 13) in base 6?
-2005220
Convert -22b973 (base 16) to base 9.
-4247604
What is 55a90 (base 15) in base 4?
1002200001
Convert -3ffc2 (base 16) to base 13.
-923a2
Convert -10111000010001011010101 (base 2) to base 4.
-113002023111
-3585649 (base 11) to base 6
-341501420
What is -33467451 (base 8) in base 5?
-3323044132
What is 20111202020 (base 3) in base 11?
88294
54c0a (base 13) to base 8
454037
Convert 11304230 (base 5) to base 16.
1950a
Convert -406a25 (base 11) to base 13.
-19b558
What is 1612269 (base 13) in base 11?
4001309
8de9 (base 15) to base 14
adb2
17032270 (base 8) to base 9
7373372
What is a5690 (base 16) in base 8?
2453220
What is -44b28 (base 16) in base 6?
-10010412
-40227a (base 12) to base 13
-28ca2c
Convert -5305276 (base 8) to base 9.
-2581527
What is 30039 (base 10) in base 11?
20629
227167 (base 8) to base 7
441514
Convert 177fe (base 16) to base 12.
47852
-a23423 (base 11) to base 7
-16655601
-10115232 (base 6) to base 5
-33241210
Convert -78cdb1 (base 14) to base 15.
-562187
-36532436 (base 7) to base 11
-1932889
What is -7584c1 (base 13) in base 8?
-12417111
2dccce (base 15) to base 10
2220269
What is bf4f0 (base 16) in base 6?
24443440
Convert 2988a7 (base 12) to base 11.
438510
-3002344 (base 5) to base 7
-254452
Convert 131130211 (base 4) to base 15.
25b0d
What is -9060 (base 11) in base 7?
-50055
Convert 2975cca (base 13) to base 16.
c98b29
Convert -b71a29 (base 15) to base 9.
-17350183
What is 153004020 (base 6) in base 3?
20001121012110
-1648 (base 16) to base 14
-2116
What is -3cb77 (base 13) in base 6?
-2235444
What is -140440411 (base 5) in base 4?
-2233112113
Convert -1122201 (base 4) to base 6.
-42453
Convert -24013213 (base 5) to base 12.
-a7254
What is -1134634 (base 7) in base 12?
-6ab5a
What is 101443002 (base 5) in base 12?
183bb7
-1332002 (base 5) to base 3
-1101012201
Convert 338347 (base 12) to base 11.
512386
What is 235068 (base 9) in base 8?
424260
-349269 (base 12) to base 14